g = -21165 - -21170. Calculate the highest common factor of g and 21145.
5
Let k(i) = i**3 - 10*i**2 + 11*i - 12. Let d be k(8). Let q = d - -55. Let j be (-2)/3*(-105)/14 - q. Calculate the highest common factor of 1 and j.
1
Suppose 10*s - 44*s + 13940 = 0. Suppose -2 = -j, 3*g - 2*j - 696 = s. What is the greatest common divisor of g and 111?
37
Let j(a) = a**3 + 7*a**2 - 15*a - 17. Let b be j(-7). Calculate the highest common factor of 22 and b.
22
Let f(u) = 2*u**3 - 13*u**2 + 10*u - 8. Let b(s) = s + 12. Let g be b(-6). Let l be f(g). Suppose -l = x - 3*x. What is the greatest common divisor of x and 56?
8
Let x be 5472/21 + (-140)/245. What is the greatest common divisor of x and 910?
130
Let t = -135 - 400. Let r = t - -537. Calculate the highest common divisor of r and 164.
2
Suppose -411 = -4*q - 5*c, 96*c - 94*c = 4*q - 418. What is the highest common divisor of 4342 and q?
26
Suppose -12037 + 34414 = 75*o - 166248. Calculate the greatest common divisor of 5 and o.
5
Suppose 4*j + 6 = 3*n, -n = 2*n - j - 6. Suppose -n*m = 1 + 5. Let h be -2*m/(24/124). What is the greatest common factor of h and 93?
31
Let q = -110 + 30. Let y = 166 - q. Calculate the highest common factor of 18 and y.
6
Suppose 30*p = -p + 434. Let r(k) = 4*k**2 - 9*k - 13. Let s be r(-6). Let v = 283 - s. Calculate the highest common divisor of p and v.
14
Suppose -102*h + 488 = 20*h. Calculate the greatest common divisor of h and 529.
1
Let c = -113 + 121. Suppose 33*v = 29*v + c. Calculate the highest common divisor of 13 and v.
1
Let m(h) = 17*h + 269. Let p be m(-15). Let n = -7 + 19. Let o = n + -5. What is the greatest common factor of p and o?
7
Suppose -9*s = -4*s + 5*m, m = -4. Let q be (-50)/s*(-80 + 74). What is the highest common factor of 30 and q?
15
Let i(g) = 20*g**2 + 1 + 21*g - 4 + 6*g - 48*g**3 + 46*g**3 - 4. Let c be i(11). Let o be 22*8/12*36. What is the greatest common factor of o and c?
48
Suppose -4*h - 23 = -3*d, -2*d = -h + 1 - 13. Let s be (42 + -12)*2/d. Calculate the highest common divisor of 492 and s.
12
Suppose q + 3*n + 4 = 0, 5*n - 8 = -3*q + 6*n. Let d(t) = 114*t**2 - 5*t + 4. Let v be d(q). Calculate the highest common divisor of v and 50.
50
Suppose 133*j = -138*j + 1004055. Calculate the greatest common divisor of 78 and j.
39
Let n = -61 - -64. Let o be (1 + (-1 - -1))/(n/15). Suppose -135 = -g - 5*c, -4*g + 595 = g + o*c. Calculate the greatest common divisor of 46 and g.
23
Let z be (-1)/1*(-7 - -7). Suppose z = -2*x + 4*x - 10. Suppose -p - 16 = -4*h, -5 = -h - 4*h + 5*p. Calculate the greatest common factor of h and x.
5
Suppose -6*g - 6*g = 444. Let q = g - -44. Suppose -q*w + 3*w = -3*h - 625, -3*h = -2*w + 317. What is the greatest common factor of w and 14?
14
Let c(h) be the second derivative of h**4/12 + 7*h**2 + 12*h. Let r be c(-9). Let z = 103 - r. Calculate the greatest common divisor of 88 and z.
8
Let o(a) be the first derivative of 17*a**2 - 4*a + 1. Let f be o(1). What is the highest common divisor of f and 480?
30
Suppose 5*u - 19 = 11. Suppose 39*g = 38*g + u. Let y = 63 + -21. Calculate the highest common divisor of y and g.
6
Let o be (-4)/(-6)*(15 - -3). Let j = -2045 + 1267. Let c be j/(-5) + 4/10. What is the highest common factor of o and c?
12
Let t = 3270 + -3240. Calculate the highest common factor of 1590 and t.
30
Let p be (16/(-10))/(1530/153 + 7951/(-795)). What is the highest common divisor of 192 and p?
24
Suppose -5*f - 11 = -1. Let g = f - -15. Suppose -3*i - 92 = -194 - 249. Calculate the highest common factor of i and g.
13
Let j(m) = -m**3 + 18*m**2 + 2*m + 54. Let g = -443 + 461. Let s be j(g). Calculate the greatest common divisor of s and 135.
45
Suppose 2*q = 4*v + 98, -14*q + 19*q - 182 = v. What is the greatest common divisor of 826 and q?
7
Let b(v) = v**2 + 11*v - 36. Let x be b(6). Suppose 181 + x = 19*p. Suppose 2*d + 30 = 82. Calculate the greatest common divisor of d and p.
13
Suppose 0 = -55*r + 72*r - 170. What is the highest common factor of r and 615?
5
Suppose 0 = 4*i + 4*l - 4, -6*i + 7 = -5*i - 2*l. Suppose i*s = 5*s - 182. Suppose 2 - 27 = 5*v, -r + s = 4*v. What is the highest common divisor of 74 and r?
37
Suppose -849258 - 1131574 = -338*o + 17086. What is the highest common factor of 257 and o?
257
Suppose 3*p = 5*y - 19, 2*p - 15 = -5*y + 7*p. Let l be y - (-25)/3*(32 + -26). What is the greatest common factor of l and 495?
55
Let q = 60 + -52. Let i be 6*(-4)/7*(-364)/52. What is the greatest common factor of q and i?
8
Suppose 5*w = -4*u + 104, 5*u = -w + u + 24. Suppose 4*v + 32 = -0*v. Let r = v + w. What is the greatest common factor of 30 and r?
6
Let x = -15314 - -19680. Calculate the highest common factor of x and 1062.
118
Let i be 9*10/6*173. Suppose -8*p + 23*p - i = 0. Let t = 142 + p. Calculate the highest common divisor of t and 63.
63
Let l = 35 + 10. Let b = -47 + l. Let q(c) = 2*c**2 + 3*c + 4. Let h be q(b). What is the highest common divisor of 42 and h?
6
Let k(a) = -a**3 + 18*a**2 - 80*a + 45. Let n be k(8). Calculate the highest common divisor of n and 342.
9
Suppose -2*x = -x - 12. Suppose 44156 = 2315*v + 9431. Calculate the highest common factor of x and v.
3
Suppose -4*w = 2*n - 6*w - 540, 1094 = 4*n + 3*w. Let z be (38/42 - 3/(-7))/(340/4335). What is the greatest common divisor of z and n?
17
Suppose 154*d - 5182 = -870. Let b be -2*(-3 - (4 + 7)). Calculate the greatest common divisor of b and d.
28
Let h(d) = -d**2 + 139*d - 2725. Let l be h(24). What is the greatest common factor of 17045 and l?
35
Let m be (-1554)/4*6/(-9). Let p be ((-945)/(-20) - 10) + 1/(-4). Calculate the greatest common factor of m and p.
37
Suppose -h - 1483 = -5*n + 170, -3*h - n - 4911 = 0. Let f be h/(-45)*75/6. Calculate the highest common divisor of f and 26.
13
Let j be (-18*5/(-25))/(2/(-360)). Let d be (j/(-540))/((-2)/(-160)*2). What is the highest common factor of d and 24?
24
Suppose 0 = 516*h - 579*h + 378. Calculate the greatest common divisor of h and 606.
6
Let g(s) = s**2 + 9*s - 19. Let m be g(-11). Suppose m*x = 5 - 23. Let o be 4135/25 + x/(-10) + -1. Calculate the highest common divisor of o and 33.
33
Let a be 50/(-20)*(-6)/(-5)*-1. Suppose h + a = 5. Suppose 0 = -h*t + 2, 5*c - c - 37 = -t. Calculate the highest common factor of c and 81.
9
Let g = 31242 + -29152. What is the highest common divisor of g and 513?
19
Let g = 17267 + -11972. Calculate the highest common divisor of 45 and g.
15
Let p = -19 - -234. Let c be ((-10)/7)/(p/(-105) + 2). Calculate the highest common divisor of 465 and c.
15
Suppose y = -44 + 44. Suppose y = 3*g + 7*g - 490. Let k = 75 - g. Calculate the highest common factor of k and 65.
13
Suppose -12 = -29*p + 26*p. Suppose -58*g + 61*g + 5*t - p = 0, -3*g + 5*t = -44. What is the highest common divisor of g and 164?
4
Let p = -105 - -109. Let a be (2 + (-9)/6)/(p/(-24)). Let x be 8*((-76)/(-16) + a). What is the highest common factor of 14 and x?
14
Suppose 4*t = 8*t + 8, l - 5*t - 334 = 0. Calculate the greatest common divisor of l and 1260.
36
Let u(v) = -14*v + 22. Let c be u(-19). Suppose -68*i - c = -74*i. What is the highest common factor of 112 and i?
16
Suppose -10*p - 58 = -15*p + s, 2*p + 11*s + 68 = 0. What is the highest common factor of 10 and p?
10
Suppose 113*q - 210 = 110*q. Let w be (-4*21/q)/(6/(-20)). What is the highest common divisor of 10 and w?
2
Suppose 0 = 2*d + 3*l - 6964 - 8203, 5*l = -d + 7580. Calculate the highest common factor of d and 123.
41
Suppose i = -3*z + 2*i + 11, -2*z + 5*i = -3. Let o(m) = m + 10. Let v be o(z). Let j be (-24)/v*(-15 - -1). Calculate the greatest common divisor of 8 and j.
8
Let a = -116 - -207. Suppose 2*s = 589 + a. Calculate the highest common divisor of 20 and s.
20
Suppose -3*x - 2*w = -2165, x + 3*w - 160 = 550. What is the highest common factor of x and 1825?
25
Suppose -162 - 158 = -j. Suppose j = 5*m - 50. Suppose -m = -3*c + 157. What is the highest common divisor of 7 and c?
7
Suppose 648 = k + 2*k. Let s = k + -210. What is the highest common factor of s and 30?
6
Suppose 22*k = 82 + 1326. Suppose 246 + 32 = 4*z + 5*m, 4*m - k = -z. What is the greatest common factor of z and 32?
8
Suppose -23477 = -57*k + 14998. Calculate the highest 